+ 2*z - 5*z, 5*z + 10 = 0. Let l be d + 3*(-14)/(-6). Suppose -2*x + 2*w - 2 = -12, -55 = -l*x - 5*w. What is the units digit of x?
8
Let x = 92 - 143. Let w be x/(-15) + (-2)/5. Suppose 3*u + q = 36, 0*u + 2*u + w*q - 31 = 0. What is the tens digit of u?
1
Let l(j) = j**3 - 6*j + 3. What is the units digit of l(4)?
3
Suppose -2*s - 166 = -t, -326 = -4*t + 3*s + 353. What is the hundreds digit of t?
1
Suppose 0 = 5*w - n + 4*n - 1899, -2*w + 744 = -4*n. What is the units digit of (-2)/(-8) + w/24?
6
Suppose 0 + 12 = 4*b. Suppose -g - 4*z = 6, b*g - z + 1 + 4 = 0. What is the tens digit of (-75)/(-5) + (-2 - g)?
1
Suppose -6 = -2*i + 2, 5*c + 5*i = 20. Suppose c = 2*d - q - 24 - 8, q + 86 = 5*d. What is the tens digit of d?
1
Let p = -61 - -17. Let l = 65 + p. What is the units digit of l?
1
Let d be (-3 + 14/4)*0. Let o(p) = -3 - p + p**3 + d*p**2 - 3*p - 4*p**2. What is the units digit of o(5)?
2
Let b = -5 - -3. What is the units digit of (b - -11) + (-3)/(-1)?
2
Let l(f) be the second derivative of -f**4/12 - 2*f**3/3 + 3*f**2 + f. What is the units digit of l(-5)?
1
Suppose -2*y - y + 6 = 0. Suppose 2*x - x = -y. What is the units digit of (12 - -1) + 0 + x?
1
Let x be (10/(-4))/(5/(-10)). Suppose -x*q + 3*q + 14 = 0. What is the units digit of q?
7
Let d = -8 + 12. Let r be 0*(2 + 5/(-2)). Suppose r*n - d*n = -8. What is the units digit of n?
2
Let n(f) = 75*f. Let a be n(1). Suppose -a = -4*i + s, 0*i + 5*i = -s + 87. What is the tens digit of i?
1
Suppose -3*v + 16 = 2*f - 5*v, v = -2*f + 10. Let t = 15 - f. Let r = -6 + t. What is the units digit of r?
3
Let r(o) = 6 + 11*o + 1 + 5 + 3 + o**2. Let b be r(-10). Suppose -4*c = -5*v + 91, -22 - 3 = -3*v - b*c. What is the tens digit of v?
1
Let b(z) = z**3 + 11*z**2 - 12*z - 12. Let a be b(-12). Let m = a - -20. What is the units digit of m?
8
Let w(g) = -2*g + 1. What is the units digit of w(0)?
1
Let j(d) = d**2 + 5*d + 6. Let b be j(-4). Suppose r = -4*g - g - 18, 22 = r - 3*g. Suppose -2*v + y + r = -v, -b*v + 5*y - 1 = 0. What is the units digit of v?
2
Let s(q) = -q + 5. Let k be s(3). Suppose k*i = 6 + 2. What is the units digit of i?
4
Let g(x) = 6 - 4*x + x + 2*x. Suppose 10*f - 14*f = 32. What is the tens digit of g(f)?
1
Let p(g) = -g - 4. Let u be p(-10). Let l be 0 + 27/u*2. What is the units digit of (-2)/((-2)/l + 0)?
9
Suppose -3*n + 3 = -3. Suppose -5*x + 14 - 2 = 2*h, 3*h = -x + 5. Suppose n*j = -x + 10. What is the units digit of j?
4
Suppose 3*m + 2 = 4*n - 4, 3*m = 2*n. Let c(x) = -x**3 + 3*x**2 + 4*x + 2. Let j be c(4). Suppose j*b - 8 = -m. What is the units digit of b?
3
Suppose 2*a - 5*y = 33, -5*a + 19 - 4 = y. Let l be (a - 3)/((-2)/8). Let r = l - -7. What is the units digit of r?
3
Suppose -31 = -3*j - 2*q - 3, 5*j = -3*q + 45. What is the units digit of j?
6
Let s(q) = q**2 - 2*q - 1. What is the units digit of s(5)?
4
Let s(b) = 3*b**2 + 2*b - 1. Let n be s(1). Suppose 2 = -2*z + n. Let u = z - 0. What is the units digit of u?
1
Let w(y) = -y**3 + 6*y**2 + y - 4. Suppose 2*p - 18 = -6. Let q be w(p). Suppose 1 + 3 = q*g. What is the units digit of g?
2
Suppose -4*n + 51 = -3*s + 4*s, 2*n - 5*s - 31 = 0. Let m = n - 7. What is the units digit of m?
6
Let q = 992 - 594. What is the tens digit of q?
9
Let t(x) = 3*x + 1. Let l(h) = -1. Let o(w) = 3*l(w) - t(w). Suppose 5*p = 3*p - 6. What is the units digit of o(p)?
5
Let m = -1 - -2. Suppose -4*w = -m - 7. What is the units digit of w?
2
Suppose 0 = 3*s, -28 = -4*r + s - 0*s. What is the units digit of 2/(-7) + 79/r?
1
What is the hundreds digit of 9*(-4)/(-12) + 102?
1
Suppose -4*v + 3*v = -4*h - 15, v + h - 5 = 0. What is the units digit of -2 + v/3*3?
5
Let m(g) = -g + 20. What is the units digit of m(-9)?
9
Let d = -9 - -1. Let p be (-4)/6*(16 + (-4 - -9)). Let w = d - p. What is the units digit of w?
6
Suppose -j + 31 = 4*m, m = -2*j + 51 - 3. What is the tens digit of j?
2
Suppose 2*n - 2 = n. Suppose -4*u - n = -2*t, -4*u + 5*t - 12 - 5 = 0. What is the units digit of u?
2
Suppose -3*w + 295 = -113. What is the tens digit of w?
3
Suppose -61 = -4*h - 2*z - 3*z, -4*h + 26 = -2*z. Let c = h + 0. Let s = c + -5. What is the units digit of s?
4
Let a = 295 + -152. What is the tens digit of a?
4
Let q = 36 + 291. What is the tens digit of q?
2
Let u = -4 + 7. Let h(x) = 5*x + 0*x - 5*x + x - 2. What is the units digit of h(u)?
1
Let d be (0 - 2) + 8/2. What is the units digit of (-2 + 1)*d + 5?
3
Suppose -4*n + 1 = 9. What is the units digit of -3 + (13 - (n - -4))?
8
Let l = 225 + -61. What is the tens digit of l?
6
Suppose 0 = -4*o + 2*j + 20, -2*o + 3*o - 10 = -2*j. Suppose a - o = -0*a. What is the units digit of a?
6
Let b be -3 + 18/(-15)*-5. Suppose -29 = 2*q - 4*q + k, b*q + 2*k = 33. What is the tens digit of q?
1
Suppose -5*s + 54 + 171 = 0. What is the units digit of s?
5
Let n(i) = 5*i**2 - 5*i - 5. What is the units digit of n(7)?
5
Let c be (-68)/(-18) - (-8)/36. Let o(b) = -b**2 + 5*b + 6. Let k be o(6). What is the units digit of (10 - k) + 0/c?
0
Suppose -2*x = -4*r - 16, 12 = -2*r - r - 3*x. Let o(h) = -h**2 - 8*h + 1. What is the units digit of o(r)?
7
Suppose 6*x = -2*x + 384. What is the units digit of x?
8
Let v = 0 + 15. What is the units digit of 8/(-2)*v/(-6)?
0
What is the tens digit of ((-624)/8)/(-4 + 2)?
3
Suppose 2*r - r = 57. Let c = r + -40. What is the tens digit of c?
1
Let q be 2*-3*(-10)/(-4). What is the tens digit of (-43)/(-2) - q/30?
2
Suppose -4*i + 5*l = -371, 0 = 4*i + 2*l + 100 - 506. Let r = i - 65. What is the tens digit of r?
3
Let r(s) = s**3 - 2*s**2 - 5*s + 2. Suppose -3*x = -2*x - 3. Let t be r(x). What is the units digit of (4/(-6))/(t/18)?
3
Let w = -9 - -11. Suppose 4*z = 2*z - 3*l + 52, 104 = 4*z - w*l. What is the units digit of z?
6
Suppose 29 = 5*b - 146. What is the units digit of b?
5
Suppose -33 = -5*f + 2*f. Let r = f + 1. What is the units digit of r?
2
Let w be ((-3)/2)/((-4)/(-8)). Let p = 0 + w. What is the units digit of 7 - (1 - 0/p)?
6
Let z = 4 - -4. What is the units digit of z?
8
What is the units digit of 1/(3/255 - 0)?
5
Let n = 185 - 104. What is the tens digit of n?
8
Let t(x) = x**3 + 2*x**2 - 5*x - 2. Let w be t(-3). Suppose -4*s - w*y = 12 - 40, -4*y = 5*s - 36. What is the units digit of s?
8
Suppose -49*q + 10 = -48*q. What is the tens digit of q?
1
Let w be 5*-1 + 0/(-3). Let u(i) be the third derivative of i**6/120 + i**5/12 - i**4/24 + i**3/3 + i**2. What is the units digit of u(w)?
7
What is the units digit of -4 + 1/((-2)/(-22))?
7
Let z = -8 + 13. Suppose 0 = 3*q + 4*g - 39, -5*g + 18 = q + z. What is the units digit of q?
3
Let v(s) = -27*s**3 + s**2 + 3*s + 7. What is the units digit of v(-2)?
1
Suppose -4*m + 7*m - 9 = 0. Suppose -y + 0*y = 2*r - 61, 2*r + m*y = 67. What is the units digit of r?
9
Suppose -165 = -p - 4*p. What is the units digit of p?
3
Suppose -3*p - 6 + 21 = 0. Suppose m + 91 = p*r - 0*m, 4*r - m - 72 = 0. What is the tens digit of r?
1
Suppose -5 = -t + 12. What is the units digit of t?
7
Let y be (2/(-3))/((-8)/300). Suppose 5*w - y = -10. What is the units digit of w?
3
Let b(m) = 5*m**2 - 7*m + 8. What is the tens digit of b(5)?
9
Let q(f) = f**2 - 8*f + 8. Let x(d) = -d**2 + 9*d - 9. Let u(n) = 4*q(n) + 3*x(n). What is the units digit of u(4)?
1
Let o = 11 - 3. Let d = -3 + o. What is the units digit of d?
5
Suppose -w + 6*w + 5*r - 90 = 0, -4*w + 4*r + 72 = 0. What is the tens digit of w?
1
Let g = 11 + -6. What is the units digit of g?
5
Suppose -2*u - 2*y = 6, 5*y - 3*y = -u - 1. Let b = -3 - u. Suppose -i + b = -1. What is the units digit of i?
3
Suppose z - 4*j - 80 - 11 = 0, z - 5*j - 94 = 0. What is the units digit of z?
9
Suppose u + 4 = 3*g - 16, -2*g + 5*u + 35 = 0. Let i = -1 + g. What is the units digit of i?
4
Suppose 44 = 4*f - 132. What is the units digit of f?
4
Let z(d) = 8*d**2. Let b be z(-1). Let n = -3 + b. Suppose -35 - n = -4*l. What is the tens digit of l?
1
Let o = 33 - 13. Let l = o - 14. What is the units digit of l?
6
Suppose 0 = 5*p + 5*k + 15, 5*p + 2*k + 2 = -1. Suppose f = l + 1 + p, -4*l = 0. What is the units digit of f?
2
Suppose 0 = 6*t - t + 5*r - 155, -3*t - r = -97. Suppose a + t = 3*k - 3*a, 2*k - 2*a - 20 = 0. Let d(y) = y**3 - 7*y**2 + 7. What is the